what is 1 - 3a905?
-3a904
In base 6, what is -32430 - 2130?
-35000
In base 5, what is 2024214 - -41?
2024310
In base 14, what is 8 + -314?
-30a
In base 7, what is 110332 - 14?
110315
In base 6, what is 54125 - 21?
54104
In base 12, what is -2895 - -3?
-2892
In base 14, what is 89 + c61?
d0a
In base 3, what is 1 - 2022022?
-2022021
In base 7, what is -133444 - 0?
-133444
In base 15, what is 1100 + -14?
10db
In base 3, what is 1201010 - 10011?
1120222
In base 10, what is 314031 + 3?
314034
In base 16, what is -3d2b - -1?
-3d2a
In base 2, what is -10111110011100 + -11100?
-10111110111000
In base 4, what is -11 - -201031?
201020
In base 2, what is 1100101 + 1000010?
10100111
In base 8, what is -7137 - -203?
-6734
In base 3, what is 21 - 1002200102?
-1002200011
In base 14, what is 1922d - -3?
19232
In base 3, what is -2022 + 10212100?
10210001
In base 10, what is 2458 - -1373?
3831
In base 5, what is 10301 - 303?
4443
In base 13, what is -92398 + 3?
-92395
In base 14, what is -5 - 2584?
-2589
In base 14, what is 1968 - 43?
1925
In base 15, what is -764 - 12b3?
-1a27
In base 10, what is 0 - 196734?
-196734
In base 15, what is -6c - b0?
-12c
In base 3, what is 0 + 122201001000?
122201001000
In base 12, what is -41216 + -4?
-4121a
In base 10, what is -776 - 970?
-1746
In base 11, what is 1 - -170527?
170528
In base 3, what is -10 + 202210101021?
202210101011
In base 14, what is -10 - -308d?
307d
In base 16, what is 16 + 268?
27e
In base 5, what is -1 - -10042420?
10042414
In base 13, what is 50 + -29c?
-24c
In base 14, what is 83 + -4529?
-4486
In base 2, what is -1110100110111 - 11?
-1110100111010
In base 14, what is -373 - -d?
-364
In base 10, what is -523 - -23?
-500
In base 15, what is 57b - e1?
48a
In base 11, what is 14 + 780a9?
78112
In base 13, what is ba - -23?
110
In base 3, what is -102211220100 + -11?
-102211220111
In base 2, what is 11000 + -11110101000?
-11110010000
In base 5, what is 12120400 - -12?
12120412
In base 15, what is cb5 - -12?
cc7
In base 9, what is -126 + -2525?
-2652
In base 4, what is -3300 + -1230?
-11130
In base 14, what is -4 + 2b1215?
2b1211
In base 7, what is -2 + -1321131?
-1321133
In base 5, what is 314 - 12230?
-11411
In base 5, what is -41401 - -2343?
-34003
In base 7, what is -3150 - -166?
-2651
In base 12, what is 4020 - -2?
4022
In base 5, what is -23 + -10013?
-10041
In base 2, what is -101 - 11001111111100110?
-11001111111101011
In base 3, what is 10000101 - 122122?
2100202
In base 10, what is -72 - -253?
181
In base 7, what is -22 + 230655?
230633
In base 5, what is 32 - -1110220?
1110302
In base 4, what is 11 + 12200?
12211
In base 8, what is 2343 + 46?
2411
In base 6, what is 25043 - 514?
24125
In base 5, what is 101 + 34343?
34444
In base 8, what is 40350 - 13?
40335
In base 12, what is -23 - 2b17?
-2b3a
In base 2, what is -100110101 + 111100110000?
110111111011
In base 8, what is -7 - 13400?
-13407
In base 12, what is 2966 + 9?
2973
In base 12, what is 1 - 14b779?
-14b778
In base 8, what is 17 + -3760?
-3741
In base 14, what is 6d4 + -b64?
-470
In base 2, what is -1100110001011111 + -11?
-1100110001100010
In base 16, what is 8b - -1993?
1a1e
In base 14, what is 8c9b - -5?
8ca2
In base 12, what is 4 + -60?
-58
In base 16, what is 144 + -1f?
125
In base 9, what is -161315 + -6?
-161322
In base 6, what is 25022 - -23?
25045
In base 5, what is 3 + 1010220?
1010223
In base 6, what is -12215 - -22?
-12153
In base 9, what is -7 - -1820?
1812
In base 5, what is 4 - -1244102?
1244111
In base 9, what is -1817 - -67?
-1740
In base 14, what is 34 + 37c?
3b2
In base 9, what is -7364475 + -4?
-7364480
In base 9, what is 11530205 - 5?
11530200
In base 13, what is -32516 - 4?
-3251a
In base 10, what is -4 - 44459?
-44463
In base 14, what is 3 - -63b?
640
In base 13, what is 76 + -2a10?
-2967
In base 8, what is 22162 - 2?
22160
In base 3, what is 110011 - 100210?
2101
In base 10, what is -29 + -44?
-73
In base 12, what is 4 - -45b2?
45b6
In base 9, what is -8 + -403035?
-403044
In base 7, what is 32 - -3046?
3111
In base 7, what is 520 - 1354?
-534
In base 11, what is -a + -258956?
-258965
In base 3, what is 1010011 - 12200002?
-11112221
In base 16, what is 1 - 1fc?
-1fb
In base 5, what is 113 - 3234433?
-3234320
In base 3, what is -1 + -210112002000?
-210112002001
In base 7, what is -124 - -34665?
34541
In base 3, what is 12121 - 101121?
-12000
In base 3, what is -210100 + -121122?
-1101222
In base 8, what is 2 + -337236?
-337234
In base 14, what is 21 - 805c5?
-805a4
In base 13, what is 156b - -4a7?
1a45
In base 3, what is 12012112 - 1010?
12011102
In base 5, what is 3 - 12314202?
-12314144
In base 3, what is -21 + -10021111112?
-10021111210
In base 12, what is -b8292 - 3?
-b8295
In base 2, what is -1 + 10111101001001010110?
10111101001001010101
In base 7, what is -43130 + -25?
-43155
In base 3, what is 2210101 + -2212?
2200112
In base 11, what is -38 - 5737?
-5774
In base 9, what is -3 + 361545?
361542
In base 9, what is 7 + 858780?
858787
In base 15, what is -11928 - 1?
-11929
In base 13, what is -3 + 1a3007?
1a3004
In base 3, what is 1010 + 121010011?
121011021
In base 12, what is 17 - -3667b?
36696
In base 4, what is 20 + 103013202?
103013222
In base 11, what is 249770 - 3?
249768
In base 4, what is -331 - -1300033?
1233102
In base 4, what is -331203 + 232?
-330311
In base 13, what is 213ba76 + -4?
213ba72
In base 13, what is -1 - 179?
-17a
In base 12, what is 1b63 - -82a?
2791
In base 7, what is -12 + -21502?
-21514
In base 6, what is -255 + 12502?
12203
In base 9, what is 80 - 2454?
-2364
In base 5, what is 142101 + 32?
142133
In base 12, what is -7a25a5 + -5?
-7a25aa
In base 9, what is -3186 - 117?
-3314
In base 9, what is -260117 + -23?
-260141
In base 6, what is 5 - 312455?
-312450
In base 12, what is 148 - 505?
-379
In base 11, what is -1886 - 275?
-2050
In base 13, what is 1 - -6234?
6235
In base 8, what is -700665 - 0?
-700665
In base 9, what is 13766 + 2?
13768
In base 9, what is -84 + 1016?
822
In base 12, what is 272 - -451?
703
In base 13, what is -3353 - -6c?
-32b4
In base 11, what is -34987 + -5?
-34991
In base 3, what is 101 + 1021011?
1021112
In base 15, what is -1ca16 + -9?
-1ca20
In base 15, what is -3 - 1d1c?
-1d20
In base 16, what is 1e5 + -25?
1c0
In base 8, what is 67055 - -67?
67144
In base 12, what is 6 - 12341?
-12337
In base 7, what is 243 + -13201?
-12625
In base 8, what is -5 + 505166?
505161
In base 6, what is -35334 - 1?
-35335
In base 12, what is 2 + -39a5?
-39a3
In base 16, what is 2856 + e?
2864
In base 13, what is 24 - 403?
-3ac
In base 3, what is 2200112001 - -11?
2200112012
In base 2, what is 0 + -101011011110110011?
-101011011110110011
In base 8, what is -24 + 133116?
133072
In base 16, what is 3 + -d952?
-d94f
In base 9, what is -4 - 76136?
-76141
In base 10, what is -6820 + 5?
-6815
In base 4, what is -13 - 202010322?
-202011001
In base 10, what is 11 + 2598?
2609
In base 13, what is 63a4 - -121?
64c5
In base 10, what is 410 + 5200?
5610
In base 14, what is 269bd0 - -3?
269bd3
In base 7, what is -4032055 - 1?
-4032056
In base 14, what is 5 - -5853?
5858
In base 11, what is -9 - 33415?
-33423
In base 16, what is -5 + -15e53?
-15e58
In base 14, what is -d5016 - 3?
-d5019
In base 5, what is -31130023 - -12?
-31130011
In base 15, what is -a + 3765e?
37654
In base 14, what is -258a - -1ca?
-23a0
In base 16, what is -9 + 9072?
9069
In base 10, what is -253551 + -2?
-253553
In base 9, what is 4 - 13054?
-13050
In base 15, what is 45 - 176?
-131
In base 8, what is -10 - 1365447?
-1365457
In base 4, what is -3012 + 112200?
103122
In base 10, what is 21 - 2664?
-2643
In base 6, what is 512 + 33441?
34353
In base 16, what is 382e + 1b?
3849
In base 3, what is 1112010221 + -12?
1112010202
In base 12, what is -34a7 - -13?
-3494
In base 12, what is -22 + 5b9?
597
In base 7, what is -32325 + -45?
-32403
In base 5, what is -24 - 201430?
-202004
In base 4, what is -22132211 + -1002?
-22133213
In base 3, what is -110100 + 12101001?
11220201
In base 10, what is 189468 - -4?
189472
In base 14, what is -1899 + 2c?
-186b
In base 3, what is -12111 + -1001100022?
-1001112210
In base 13, what is -19 - 436?
-452
In base 10, what is -7054 - -5?
-7049
In base 12, what is 7726 + 7?
7731
In base 10, 